o**3 + 145*o**2 - 12560*o + 351. Give q(61).
717
Let l(h) = 2149*h - 399788. Give l(186).
-74
Let g(n) = -9*n**2 - 12699*n + 50810. Determine g(4).
-130
Let a(p) = 3*p**3 + 17*p**2 - 10*p - 100. What is a(-5)?
0
Let l(y) = -y**2 + 292*y - 10790. What is l(43)?
-83
Let o(n) = 9*n**3 - 1648*n**2 + 1693*n + 23121. What is o(182)?
7
Let a(y) = y**2 + 1260*y + 37705. Give a(-31).
-394
Let w(b) = 5*b**3 + 139*b**2 - 174*b - 3961. Determine w(-28).
127
Let v(s) = -3*s**3 - 215*s**2 + 309*s + 174. Give v(-73).
-1067
Let q(m) = 332*m**2 - 461*m - 2247. Determine q(-2).
3
Let d(h) = -250*h**3 - 96*h**2 + 193*h - 6. Calculate d(2).
-2004
Let w(o) = -35*o**2 + 96*o + 397. Give w(5).
2
Let r(m) = 4*m**2 - 737*m - 30689. Calculate r(-35).
6
Let x(y) = 992*y - 47592. Give x(48).
24
Let l(j) = -23*j**2 - 898*j + 1229. What is l(-38)?
2141
Let i(j) = -38*j**2 - 3260*j + 11038. What is i(-89)?
180
Let o(g) = 1134342*g - 1134339. What is o(1)?
3
Let z(c) = -2*c**2 + 115*c + 435. Determine z(56).
603
Let m(d) = 20612*d - 20623. Determine m(1).
-11
Let s(g) = -86*g**2 + 10666*g - 262. Determine s(124).
-14
Let b(c) = -c**2 - 139*c - 893. What is b(-42)?
3181
Let m(j) = j**2 - 3750*j + 56117. Give m(15).
92
Let g(d) = -2*d**3 + 181*d**2 + 99*d + 1473. Calculate g(91).
2201
Let y(w) = w**3 + 110*w**2 - 329*w + 1922. Calculate y(-113).
792
Let l(r) = 9*r**3 + 18*r**2 + 74*r + 266. Determine l(-3).
-37
Let p(i) = i**2 + 1361056*i - 14971732. Determine p(11).
5
Let r(j) = 637*j + 762. Give r(3).
2673
Let m(y) = -y**3 - 5*y**2 + 1523*y + 9090. What is m(-6)?
-12
Let t(z) = -2*z**3 + 141*z**2 + 89*z - 1422. Calculate t(71).
-144
Let k(v) = 1687*v - 13092. What is k(8)?
404
Let w(l) = -35*l**2 + 12034*l + 364390. What is w(-28)?
-2
Let a(r) = 32*r**2 + 272*r - 1044. What is a(4)?
556
Let v(k) = k**2 - 1575*k - 510868. Calculate v(-276).
8
Let a(b) = -77*b**3 - b**2 - 5*b + 3. Determine a(-4).
4935
Let q(l) = 2*l**2 - 309*l + 11343. Determine q(41).
2036
Let l(s) = -55*s**2 + 15360*s - 4286. Give l(279).
-101
Let m(q) = 950*q + 775. What is m(0)?
775
Let j(q) = -2*q**2 - 1308*q - 131428. What is j(-124)?
12
Let f(x) = 2*x**3 - 229*x**2 + 108*x + 715. Calculate f(114).
31
Let b(v) = -v**3 + 139*v**2 - 701*v + 4025. Determine b(134).
-129
Let i(v) = v**3 - 346*v**2 + 17717*v + 31700. Give i(283).
4
Let r(j) = 645*j - 57429. Give r(89).
-24
Let y(x) = 2529*x + 4152623. What is y(-1642)?
5
Let v(g) = 6*g**3 + 17*g**2 - 539*g - 1141. Give v(-10).
-51
Let j(q) = 3589*q + 4511381. What is j(-1257)?
8
Let a(i) = -8235*i + 49404. Calculate a(6).
-6
Let i(d) = 7*d**2 - 850*d + 7136. What is i(9)?
53
Let s(w) = 17*w**2 + 6046*w + 3908. Determine s(-355).
3
Let h(i) = -7828194*i - 46969156. Calculate h(-6).
8
Let n(q) = q**3 + 209*q**2 - 845*q + 280. Determine n(-213).
-1211
Let h(w) = -1536*w + 22850. What is h(14)?
1346
Let v(j) = 5698*j - 57270. What is v(10)?
-290
Let j(f) = 18875*f - 3869381. Determine j(205).
-6
Let c(w) = 37094*w + 148288. Calculate c(-4).
-88
Let j(x) = -40*x**3 + 398*x**2 + 7*x + 138. Give j(10).
8
Let z(x) = -x**3 + 62*x**2 - 61*x + 3784. Determine z(62).
2
Let z(j) = 17*j**2 + 296*j + 1324. Give z(-10).
64
Let l(k) = -477*k**2 - 454*k + 33. Calculate l(-1).
10
Let g(u) = 8*u + 1322. Determine g(-125).
322
Let k(g) = 2*g**2 - 54*g - 130. Give k(33).
266
Let f(w) = -2*w**3 + 29*w**2 - 267*w + 3317. Calculate f(12).
833
Let o(p) = 88*p**2 + 504*p - 9656. Determine o(8).
8
Let x(b) = -4*b**2 - 340*b - 3240. Calculate x(-74).
16
Let t(z) = 3906*z + 535119. What is t(-137)?
-3
Let u(w) = 215977*w - 863909. What is u(4)?
-1
Let v(p) = -39*p**3 + 3939*p**2 - 18*p + 1779. Give v(101).
-39
Let c(o) = o**3 - 765*o**2 + 3810*o - 7593. Calculate c(760).
7
Let s(w) = -w**2 + 26*w + 700. Give s(47).
-287
Let i(h) = 19*h**2 - 902*h + 10507. Give i(27).
4
Let w(d) = 56948*d + 227797. Give w(-4).
5
Let m(t) = -t**3 + 9*t**2 - 12*t + 140. Give m(12).
-436
Let m(v) = -1399148*v + 44772734. Determine m(32).
-2
Let u(d) = d**3 + 2*d**2 - 10*d - 12. What is u(2)?
-16
Let k(y) = 526*y - 775. Give k(9).
3959
Let x(v) = -4*v**3 - 2*v**2 + 52*v - 120. What is x(6)?
-744
Let l(t) = 5367*t + 5222133. Determine l(-973).
42
Let k(g) = 267490*g + 2942376. What is k(-11)?
-14
Let g(y) = 2*y**2 + 1177937*y - 9423619. Calculate g(8).
5
Let b(t) = -t**3 - 27*t**2 + 60*t + 230. Determine b(-28).
-666
Let o(u) = -120*u + 13021. Determine o(134).
-3059
Let c(g) = 148*g**3 + 16*g**2 - 27*g + 50. What is c(2)?
1244
Let f(t) = 64*t + 3774. Determine f(-47).
766
Let v(k) = -13*k**3 + 10*k**2 - 55*k - 293. What is v(-6)?
3205
Let x(h) = 1453*h**3 + 6*h**2 - 135*h - 139. Calculate x(-1).
-1451
Let z(d) = -5*d**3 + 22*d**2 + 350*d - 750. Calculate z(2).
-2
Let s(u) = 15791*u - 773756. Give s(49).
3
Let g(r) = -3*r**2 - 2795*r + 431959. What is g(135)?
-41
Let k(x) = 2*x**2 + 582*x - 7921. Give k(13).
-17
Let y(o) = 37*o**3 - 8324*o**2 - 84*o - 31731. What is y(225)?
-6
Let a(i) = 28*i**3 + 364*i**2 - 88*i - 1134. Calculate a(-13).
10
Let k(x) = 8*x**2 + 417*x - 2806. Give k(-58).
-80
Let t(z) = -z**2 - 11*z - 400. What is t(-18)?
-526
Let r(l) = l**3 + 1011*l**2 - 20615*l + 22. Determine r(20).
122
Let q(x) = -1420*x**2 + 12769*x - 3. Give q(9).
-102
Let i(u) = -884*u**2 - 18555*u + 192. What is i(-21)?
3
Let o(s) = 2*s**3 + 28*s**2 - 29*s - 80. Give o(-11).
965
Let k(f) = -170*f**2 - 414*f + 1637. Calculate k(4).
-2739
Let p(v) = 61*v**2 - 822*v + 392. Calculate p(13).
15
Let c(a) = -42508*a + 13390016. Calculate c(315).
-4
Let h(c) = -c**2 + 244*c + 12652. Determine h(-45).
-353
Let y(t) = 716721*t + 5017065. Give y(-7).
18
Let u(l) = -44*l**2 + 2321*l - 1819. Determine u(52).
-103
Let w(p) = -96*p - 356. Give w(12).
-1508
Let k(y) = 39*y**2 + 349*y + 21. What is k(-10)?
431
Let q(r) = -44930*r + 404384. Calculate q(9).
14
Let g(j) = 16667*j + 616681. Determine g(-37).
2
Let h(m) = 784*m - 26669. Determine h(34).
-13
Let w(b) = 529*b**2 + 2166*b + 39. Give w(-4).
-161
Let v(m) = -10*m**2 - 62*m + 885. What is v(7)?
-39
Let o(l) = 509*l + 5382. What is o(-11)?
-217
Let q(o) = -3*o**2 - 96*o + 49153. Calculate q(-145).
-2
Let o(f) = -4*f**3 - 160*f**2 - 980*f + 4. Give o(-6).
988
Let v(c) = 49*c - 1193. Calculate v(26).
81
Let p(c) = 30012*c - 180043. Calculate p(6).
29
Let x(r) = 32*r**2 - 3591*r - 2810. Calculate x(113).
15
Let a(o) = 16*o**2 + 882*o + 7260. What is a(-45)?
-30
Let f(y) = 9864*y + 78905. What is f(-8)?
-7
Let u(b) = -74*b**3 + 106*b**2 - 143*b + 37. Give u(1).
-74
Let m(o) = -5922*o - 17710. Determine m(-3).
56
Let n(i) = 317*i**3 - 163*i**2 - 112*i + 50. Give n(-1).
-318
Let m(r) = -536*r**2 - 1546*r + 1547. Determine m(1).
-535
Let j(c) = 29830*c - 59658. Determine j(2).
2
Let u(l) = -4*l**3 + 109*l**2 - 672*l + 52. Determine u(18).
-56
Let q(a) = 35415*a + 13. Give q(0).
13
Let y(r) = -54*r + 590. Calculate y(17).
-328
Let o(h) = 6997*h + 426816. Calculate o(-61).
-1
Let b(x) = -9*x**2 + 350*x - 1380. Determine b(34).
116
Let a(l) = l**3 + 336*l**2 - 1388*l - 9509. Calculate a(-340).
11
Let o(i) = i**3 - 77*i**2 + 1565*i - 75216. What is o(70)?
34
Let p(a) = -a**3 + 36*a**2 + 5996*a - 206172. Give p(34).
4
Let d(v) = -v**2 + 1504*v + 509863. Calculate d(-285).
-2
Let x(y) = 1817*y - 63727. Determine x(35).
-132
Let w(l) = l**3 + 987*l**2 + 227293*l + 2596. Calculate w(-366).
34
Let j(x) = -1527893*x + 6111573. Give j(4).
1
Let z(p) = -26856*p + 241808. Calculate z(9).
104
Let r(d) = 513*d - 1712. What is r(3)?
-173
Let h(l) = 16424*l + 1215322. What is h(-74)?
-54
Let x(n) = n**3 + 61*n**2 + 565*n - 214. What is x(-50)?
-964
Let o(i) = i**3 - 106*i**2 - 450*i + 1102. What is o(110)?
2
Let d(j) = 551*j + 27600. Calculate d(-50).
50
Let v(k) = 167*k + 6010. Calculate v(-31).
833
Let y(t) = 3*t**2 - 161*t - 37411. Determine y(-88).
-11
Let n(o) = 5*o**2 - 1261*o - 18643. Calculate n(-14).
-9
Let b(m) = 2*m**2 - 498*m - 36366. What is b(-59)?
-22
Let j(t) = -78*t + 18686. Give j(287).
-3700
Let r(h) = h**2 - 47771*h + 143295. Give r(3).
-9
Let d(i) = i**3 + 376*i**2 + 379*i + 1508. What is d(-375)?
8
Let x(f) = 18*f**2 + 187*f + 1080. Calculate x(-6).
606
Let r(u) = -6*u**2 + 16*u + 637. Calculate r(13).
-169
Let u(y) = 29*y**2 + 4337*y - 1788. Give u(-150).
162
Let r(c) = -4379*